 -x**2 - 11*x. Let q be b(-11). Suppose q = 5*d + 3 + 47. Let t = 41 + d. What is the units digit of t?
1
Let u(a) = -129*a - 171. What is the units digit of u(-10)?
9
Let q = -575 + 1633. What is the hundreds digit of q?
0
Let m be (-1 - 0) + (-2 + 5)/(-3). What is the tens digit of 93 - (m - 0/1)?
9
Suppose 2*q - 2 = -t + 8, 4*t + 12 = 5*q. Suppose 3*f = -6, -3*f - 262 = -t*g + 2*f. What is the units digit of g?
6
Suppose -5*b + 11585 = 214*s - 211*s, 0 = -5*s + b + 19271. What is the thousands digit of s?
3
Suppose -2*g = -3*p - 511, -5*p = -13*g + 8*g + 1280. What is the tens digit of g?
5
Let m = -12 + 12. Let w be 0/((1 - m)/(-1)). Suppose 12 = a + 3*h, -4*a = -2*h - w*h - 34. What is the units digit of a?
9
Let t = -364 - -474. What is the units digit of t?
0
Suppose -32*s = -37*s + 820. What is the units digit of s?
4
Let y = -167 - -173. Let s(i) = -i + 2 + 7 + 5. What is the units digit of s(y)?
8
Suppose 6 + 14 = 4*d. Suppose 0 = 6*h - d*h - 104. What is the hundreds digit of h?
1
Let d(x) = -x**2 + 2*x + 52. Let l be d(0). Suppose 121 = 3*k + 5*j, -2*k = -k + 4*j - l. Let i = k + -29. What is the units digit of i?
3
Suppose 20 = -5*w, 795 + 289 = 4*y - 4*w. What is the hundreds digit of y?
2
Suppose -3*k - 65 = -0*v - v, -2*k + 274 = 5*v. Suppose 11*a = 9*a + v. Let f = a + 40. What is the tens digit of f?
6
Suppose -5*f + 38393 = 4*z + 10760, -4*z - 12 = 0. What is the hundreds digit of f?
5
Suppose 69*c - 6 = 68*c. Let u(q) = q**3 + 11*q - 11. What is the tens digit of u(c)?
7
Suppose 8*h + 215 = -305. Let d = -43 - h. What is the units digit of d?
2
Let r = -2 + 15. Let z = 60 - r. What is the units digit of z?
7
Suppose -3*m = 10*m - 4134. What is the hundreds digit of m?
3
Let a = -4 - -1. Let n be (-75)/9 - 1/a. What is the units digit of 3*1/(-3) - n?
7
Let q(v) = -2*v**3 + 79*v**2 - 35*v - 86. What is the tens digit of q(39)?
7
Suppose -4*p + 4576 = 9*p. What is the tens digit of p?
5
What is the tens digit of (7/14)/((-1)/(-1696))?
4
Suppose -413 + 1917 = 8*j. What is the units digit of j?
8
Let k = -420 + 1000. What is the hundreds digit of k?
5
Let z be ((-8)/6)/(1/(-69)). Suppose 14*x - z = 13*x. Let w = x + -63. What is the units digit of w?
9
Let h be ((-12)/4)/((-12)/152). Let b = -19 + h. Suppose 0 = -7*s + 198 + b. What is the units digit of s?
1
Suppose 2*b = -d + 310, -5*b + 2*d = d - 789. Let u = b + -73. Suppose -7*v + 3*v = -u. What is the units digit of v?
1
Let u be -207 - 3 - 0/(-6). Let v = u - -409. What is the hundreds digit of v?
1
Let u(x) = -19*x**2 - 4*x - 11. Let l be u(-4). Let t = -135 - l. What is the units digit of t?
4
Suppose 2639 + 8467 = 6*j. What is the tens digit of j?
5
Let z(c) = c**2 - 17*c - 22. What is the hundreds digit of z(29)?
3
Let s = 4748 + -2331. What is the thousands digit of s?
2
Let j = 9 + -7. Let p(x) = -4*x + 3*x**j + x**3 - 2*x**3 + 0*x**2 + 6*x**2 + 2. What is the units digit of p(8)?
4
Let c(l) = -l**3 - 10*l**2 + 8*l + 15. Suppose -2*f - 44 = 2*f. What is the tens digit of c(f)?
4
Let s(w) = 2*w + 16. Let q be 2*(28/8)/(-1). Let o be s(q). Suppose -4*l = -8 - 0, 70 = o*f + l. What is the units digit of f?
4
Suppose 5*l = 240 + 1160. Suppose -l = -14*i + 10*i. What is the units digit of i?
0
Let a be 956/8*(2 - 0). Suppose w + a = 2*z, 0 = -z + 5*z + 5*w - 513. Suppose -p + 2*g = 7*g - 53, 2*p + 2*g - z = 0. What is the tens digit of p?
6
Suppose 25*t = 152818 - 41518. What is the thousands digit of t?
4
Let c(r) = -r**3 - 5*r**2 - 5*r. Let f be c(-2). What is the tens digit of f*(-2)/(-14) - 19432/(-98)?
9
Let d = 42 - -126. Let q = -92 + d. Suppose 5*o + 0*o - 195 = 5*u, -2*o + u + q = 0. What is the units digit of o?
7
Suppose 5*u + 5*h - 840 = 0, 2*u - 328 = -0*u + 2*h. Suppose -7*y = -u - 618. What is the units digit of y?
2
Let k(i) = -i**3 - 14*i**2 - 16*i - 2. Let s be (4 + -1)*78/(-18). What is the units digit of k(s)?
7
Let d(f) = -50*f + 70. What is the tens digit of d(-7)?
2
Let x(p) be the third derivative of -5/3*p**3 - 1/120*p**6 + 0*p + 0 - 5/24*p**4 + 3*p**2 - 7/60*p**5. What is the units digit of x(-7)?
5
Let o(l) = 0 - 1 + 1 - l. Let f be o(-7). Suppose 3*v + 2*n = f*v - 92, -5*n = 0. What is the tens digit of v?
2
Let n(b) = -5*b + 2. Let q be n(5). Let p = q - -50. What is the tens digit of p/(-6)*(-48)/9?
2
Suppose -2*r = -90 - 52. Suppose 3*j + 3*l = 108, 8 = -2*j + l + r. What is the tens digit of j?
3
Let l be 280/(-50)*(-50)/4. Suppose 259 - l = 3*o. Let c = o - 39. What is the units digit of c?
4
Let n(f) = -8*f**2 + 196*f**3 - 197*f**3 + 4*f + f**2 - 1. Let a be (1 - (1 + 1))*8. What is the tens digit of n(a)?
3
Suppose 2*b = 75 + 275. Suppose -3*o + b = 2*o + i, 5*i = -3*o + 127. What is the units digit of o?
4
Suppose -4*b - 9*k + 6880 = -12*k, 0 = 2*b + 2*k - 3440. What is the hundreds digit of b?
7
Suppose 2*z + 5*p - 89 = 434, 0 = -4*z - 3*p + 1053. Suppose -83 = -r + 2*n, 3*r - n - z = 2*n. What is the units digit of r?
3
Suppose 1066 = -7*s + 13351. What is the tens digit of s?
5
Let c be (0 + 0)*(-1)/2. Suppose -2*j - 5*u + 66 = -c*u, -66 = -2*j + u. What is the units digit of j?
3
Suppose -4*c = -9*c. Let o = c - -3. Suppose -2*g + g + 28 = o*k, -3*k = -3*g + 84. What is the tens digit of g?
2
Let m(g) = 4*g**2 - 139*g - 108. What is the thousands digit of m(46)?
1
Suppose 0 = -2*q + 5*y + 2034, -22*q + 3*y = -23*q + 995. What is the hundreds digit of q?
0
Let z be (-6350)/(-25)*(-1 - 3/(-2)). Let l = -72 + z. What is the tens digit of l?
5
Let x(v) = -13*v**2 + 1. Let o(f) = 65*f**2 + f - 4. Let c(i) = 2*o(i) + 11*x(i). Let j be c(-2). Let u = -35 - j. What is the tens digit of u?
1
Let z(r) = -441*r - 40. What is the tens digit of z(-4)?
2
Let x(w) = -26*w. Let a(d) = 27*d. Let q(r) = 3*a(r) + 2*x(r). What is the units digit of q(3)?
7
Let w(p) = -p**2 + 5*p + 10. Let x be w(7). What is the units digit of ((-174)/(-9))/(x/(-24))?
6
Suppose 2*k - 5201 = j, 7*k - 8*k + 2*j + 2599 = 0. What is the tens digit of k?
0
Suppose 2*i + 3*g = 1427, 511 = 3*i - 5*g - 1582. What is the tens digit of i?
0
Suppose o + o - 16 = 4*y, -5*y = -5*o + 20. Let a(w) = 8*w**2 + 11*w + 5. What is the tens digit of a(y)?
8
Let s be ((-1)/2)/((-2)/160). Suppose 0 = 3*x - 6 - 6, 5*z = -5*x + s. Suppose -3*a = -5*k + 33, -3*k + 4*a = -z*k + 2. What is the units digit of k?
6
Suppose -1476 = -24*r + 21*r. What is the tens digit of r?
9
Let h(m) = -207*m + 13. What is the units digit of h(-3)?
4
Suppose 42749 + 53191 = 18*u. What is the tens digit of u?
3
Let n = -51 + 71. Let u = 35 - n. What is the tens digit of ((-216)/(-20))/(6/u)?
2
Let h(n) = 121*n**2 + 36*n - 6. What is the hundreds digit of h(-5)?
8
Let u = -74 - -76. What is the units digit of u/(-4) - (-990)/12?
2
Suppose 3*z = -6*h + h + 3528, 2352 = 2*z - 3*h. What is the thousands digit of z?
1
Let u(g) = -6*g + 26. Let y be u(-16). Suppose y*w = 117*w + 1115. What is the units digit of w?
3
Let w = -49 + 20. Let j = 53 + w. Let q = j - 19. What is the units digit of q?
5
What is the tens digit of 492/3*(-75)/(-30)?
1
Suppose 5366 = 5*f + 3*h, 4*f - 4*h + 791 = 5103. What is the hundreds digit of f?
0
Suppose 0 = 4*u - 65 - 23. Suppose 2*c - u = -0*c. Suppose j = 4*g + c, j + 3*g + 24 = 4*j. What is the units digit of j?
7
Let l(h) = -2*h**2 + 19*h - 1. What is the units digit of l(9)?
8
Let s(b) be the first derivative of 31*b**2/2 - b - 5. Let p be s(3). Suppose -3*q - 12 = 0, -4*n + 3*q + p = -0*n. What is the units digit of n?
0
Suppose -6 = -d - d. Suppose -6 = -5*f + d*g, 0*g = 5*f + g - 18. Suppose -3*x + 2*k = -62, x - 6 = -6*k + f*k. What is the tens digit of x?
1
Suppose 324 = 4*i - 2676. What is the units digit of i?
0
Let n(b) = -b**3 + 4*b**2 + b. Let k be ((-6)/(-5))/(11/(-110)). Let d = 16 + k. What is the units digit of n(d)?
4
Suppose 0 = 40*k - 47*k + 2457. What is the units digit of k?
1
Let a be 3/(-12) + (-29)/(-4). Let h(d) = -d**3 + 8*d**2 - 6*d - 5. Let m be h(a). Suppose 2*q - m*n - 56 = -0*q, 2*n = -4*q + 112. What is the tens digit of q?
2
Let c(j) = -j**3 - 7*j**2 + 16*j - 24. What is the hundreds digit of c(-10)?
1
Suppose -93*a - 18 = -87*a. What is the units digit of (17/a)/(28/(-924))?
7
Suppose 3773 = 12*f - 4099. What is the hundreds digit of f?
6
Let m(p) =